?
3
What is the ten millions digit of 104265056?
0
What is the hundreds digit of 22165428?
4
What is the millions digit of 84890621?
4
What is the units digit of 1878673132?
2
What is the billions digit of 4699611753?
4
What is the millions digit of 452892849?
2
What is the ten thousands digit of 60515557?
1
What is the thousands digit of 73861500?
1
What is the hundred millions digit of 801504970?
8
What is the hundred millions digit of 256140419?
2
What is the ten millions digit of 2116819650?
1
What is the hundred thousands digit of 233929940?
9
What is the tens digit of 56244237?
3
What is the hundreds digit of 500063436?
4
What is the units digit of 359761716?
6
What is the millions digit of 3808178165?
8
What is the ten millions digit of 234617174?
3
What is the ten thousands digit of 67584301?
8
What is the millions digit of 39070845?
9
What is the tens digit of 23639047?
4
What is the units digit of 88582817?
7
What is the ten thousands digit of 68957388?
5
What is the hundreds digit of 268892067?
0
What is the hundred millions digit of 458647958?
4
What is the hundred millions digit of 561727009?
5
What is the hundred thousands digit of 1820168647?
1
What is the thousands digit of 158193898?
3
What is the ten thousands digit of 331220781?
2
What is the millions digit of 144717333?
4
What is the hundred thousands digit of 157877880?
8
What is the tens digit of 1315303782?
8
What is the hundred thousands digit of 1076286367?
2
What is the billions digit of 3097689600?
3
What is the tens digit of 1278296154?
5
What is the tens digit of 94901927?
2
What is the thousands digit of 150892117?
2
What is the hundred thousands digit of 1428716842?
7
What is the thousands digit of 130077591?
7
What is the ten millions digit of 6727634276?
2
What is the tens digit of 82493304?
0
What is the billions digit of 1703754556?
1
What is the ten thousands digit of 87970782?
7
What is the thousands digit of 12187118?
7
What is the ten millions digit of 507326298?
0
What is the millions digit of 1254688357?
4
What is the tens digit of 152764316?
1
What is the ten thousands digit of 69282557?
8
What is the hundreds digit of 7488161?
1
What is the ten millions digit of 135266034?
3
What is the thousands digit of 153425101?
5
What is the hundred thousands digit of 32305765?
3
What is the ten thousands digit of 85724967?
2
What is the ten thousands digit of 90131385?
3
What is the tens digit of 125473824?
2
What is the billions digit of 1583098609?
1
What is the tens digit of 79772052?
5
What is the hundred thousands digit of 530229231?
2
What is the hundred thousands digit of 502711982?
7
What is the units digit of 76930113?
3
What is the units digit of 1521146655?
5
What is the ten thousands digit of 124220094?
2
What is the hundreds digit of 5159061?
0
What is the thousands digit of 54613789?
3
What is the thousands digit of 1427419228?
9
What is the ten thousands digit of 15733281?
3
What is the thousands digit of 137289341?
9
What is the tens digit of 955618043?
4
What is the thousands digit of 299007478?
7
What is the hundreds digit of 155264309?
3
What is the ten thousands digit of 196883110?
8
What is the hundred thousands digit of 54894164?
8
What is the thousands digit of 873753403?
3
What is the ten thousands digit of 8543027083?
2
What is the ten millions digit of 102622644?
0
What is the hundred millions digit of 393545651?
3
What is the thousands digit of 6764610?
4
What is the hundred millions digit of 160265056?
1
What is the units digit of 100228953?
3
What is the ten thousands digit of 2682929690?
2
What is the hundred thousands digit of 403473941?
4
What is the hundred thousands digit of 2047480?
0
What is the millions digit of 25909967?
5
What is the tens digit of 64773069?
6
What is the millions digit of 4714912935?
4
What is the thousands digit of 2462695317?
5
What is the hundred thousands digit of 200079672?
0
What is the hundreds digit of 153443170?
1
What is the ten thousands digit of 48216109?
1
What is the thousands digit of 853107174?
7
What is the tens digit of 6432124292?
9
What is the units digit of 544379106?
6
What is the hundreds digit of 290184356?
3
What is the tens digit of 62668605?
0
What is the millions digit of 863520699?
3
What is the tens digit of 1814998739?
3
What is the millions digit of 896372920?
6
What is the hundred millions digit of 2512657025?
5
What is the hundreds digit of 89734606?
6
What is the ten thousands digit of 5949544?
4
What is the ten millions digit of 1949969272?
4
What is the hundreds digit of 49006647?
6
What is the hundreds digit of 200730805?
8
What is the units digit of 53788624?
4
What is the units digit of 24185036?
6
What is the ten thousands digit of 356727284?
2
What is the ten thousands digit of 2166638706?
3
What is the hundred thousands digit of 40459190?
4
What is the tens digit of 84174260?
6
What is the thousands digit of 155022682?
2
What is the hundred thousands digit of 92651460?
6
What is the ten thousands digit of 58916372?
1
What is the ten thousands digit of 1603855348?
5
What is the millions digit of 693706650?
3
What is the ten millions digit of 39677308?
3
What is the tens digit of 6155740?
4
What is the hundred thousands digit of 149004844?
0
What is the hundreds digit of 131311400?
4
What is the ten thousands digit of 252549249?
4
What is the units digit of 5813320645?
5
What is the hundred thousands digit of 223888680?
8
What is the hundred millions digit of 872205908?
8
What is the hundreds digit of 177613745?
7
What is the billions digit of 1463701296?
1
What is the hundred thousands digit of 96447420?
4
What is the billions digit of 2648662760?
2
What is the hundred millions digit of 571378399?
5
What is the hundred millions digit of 2843022039?
8
What is the tens digit of 252707715?
1
What is the tens digit of 40714409?
0
What is the units digit of 85132952?
2
What is the hundred thousands digit of 117552764?
5
What is the units digit of 57871140?
0
What is the millions digit of 75860019?
5
What is the hundred thousands digit of 83598526?
5
What is the hundred millions digit of 821310598?
8
What is the units digit of 619270802?
2
What is the ten thousands digit of 400146393?
4
What is the thousands digit of 83578524?
8
What is the hundred millions digit of 239819354?
2
What is the ten thousands digit of 601304655?
0
What is the units digit of 1214795941?
1
What is the ten millions digit of 880732047?
8
What is the hundreds digit of 30956974?
9
What is the thousands digit of 154173222?
3
What is the ten thousands digit of 425587575?
8
What is the millions digit of 42465229?
2
What is the hundred millions digit of 338447592?
3
What is the ten thousands digit of 213956408?
5
What is the millions digit of 1304249472?
4
What is the ten millions digit of 1846412062?
4
What is the units digit of 8138505510?
0
What is the hundred millions digit of 202654119?
2
What is the ten millions digit of 613532550?
1
What is the hundred millions digit of 879490958?
8
What is the ten thousands digit of 54709871?
0
What is the units digit of 1991068672?
2
What is the thousands digit of 125793588?
3
What is the ten thousands digit of 67851178?
5
What is the millions digit of 77250497?
7
What is the millions digit of 1408423886?
8
What is the millions digit of 50771423?
0
What is the thousands digit of 88248179?
8
What is the billions digit of 1052264320?
1
What is the ten thousands digit of 115255785?
5
What is the millions digit of 8533706194?
3
What is the tens digit of 742986598?
9
What is the hundreds digit of 284755566?
5
What is the ten millions digit of 838920803?
3
What is the units digit of 86414179?
9
What is the hundreds digit of 265230565?
5
What is the thousands digit of 7661106081?
6
What is the hundred thousands digit of 92142620?
1
What is the hundred thousands digit of 231323685?
3
What is the ten thousands digit of 44844945?
4
What is the millions digit of 59819643?
9
What is the hundreds digit of 233424740?
7
What is the thousands digit of 3223991016?
1
What is the ten thousands digit of 633155382?
5
What is the thousands digit of 610728127?
8
What is the thousands digit of 37389029?
9
What is the units digit of 10621496?
6
What is the hundreds digit of 227457